6217
-867 (base 11) to base 4
-100101
-14917 (base 10) to base 12
-8771
Convert 419 (base 15) to base 9.
1236
-1101000111001111 (base 2) to base 8
-150717
What is -1011100101 (base 2) in base 3?
-1000110
Convert -11010110111011 (base 2) to base 15.
-4120
What is a52 (base 13) in base 15?
7c2
Convert 10111100 (base 2) to base 6.
512
8737 (base 10) to base 7
34321
Convert 1303312 (base 4) to base 9.
11147
What is 1c23 (base 16) in base 13?
3381
Convert -102140 (base 6) to base 4.
-2001030
What is -16d (base 14) in base 5?
-2133
-2210 (base 6) to base 7
-1326
16e4 (base 15) to base 6
34511
What is 2fdb (base 16) in base 11?
9228
Convert -42333 (base 8) to base 7.
-102251
What is -112442 (base 5) in base 13?
-1b51
145 (base 7) to base 16
52
What is 40404 (base 5) in base 14?
d40
What is 100001000100 (base 2) in base 9?
2811
Convert -4d0 (base 14) to base 2.
-1111000110
12231202 (base 4) to base 9
41634
What is 101233 (base 4) in base 7?
3211
What is -11000101 (base 2) in base 16?
-c5
What is -2413 (base 6) in base 9?
-720
What is -73126 (base 8) in base 13?
-10a34
What is -213402 (base 5) in base 16?
-1cb8
-934a (base 13) to base 3
-1000220102
What is 121210 (base 4) in base 2?
11001100100
What is -2058 (base 10) in base 8?
-4012
What is -1000120021 (base 3) in base 12?
-b767
-10112 (base 4) to base 9
-338
What is 113 (base 15) in base 5?
1433
What is 631 (base 9) in base 10?
514
Convert 1418 (base 10) to base 5.
21133
What is 2203 (base 8) in base 11?
960
Convert -122023 (base 5) to base 15.
-1593
a93a (base 15) to base 2
1000101111110110
What is 977c (base 14) in base 13?
bbb9
10001100 (base 2) to base 3
12012
Convert 101110101111011 (base 2) to base 9.
35740
-5b (base 14) to base 12
-69
1166 (base 12) to base 9
2606
What is 2456 (base 9) in base 8?
3451
-22114 (base 5) to base 3
-2002211
e5 (base 16) to base 4
3211
What is -a49 (base 11) in base 6?
-5503
495c (base 14) to base 11
96a7
What is -211a6 (base 11) in base 3?
-1120022121
Convert -201545 (base 7) to base 5.
-2043420
4c54 (base 13) to base 2
10101010000101
2b (base 16) to base 8
53
Convert -9a1 (base 16) to base 12.
-1515
Convert -2314 (base 13) to base 8.
-11466
3134 (base 5) to base 9
515
Convert -83 (base 11) to base 4.
-1123
Convert 1050 (base 12) to base 4.
123330
Convert -361d (base 15) to base 6.
-125131
Convert -c7d (base 16) to base 10.
-3197
Convert 33033 (base 6) to base 2.
1000111001101
What is 91a (base 13) in base 6?
11052
-3025 (base 7) to base 9
-1384
What is -1d3 (base 14) in base 4?
-11331
Convert -10441 (base 6) to base 5.
-21330
What is 146 (base 8) in base 12?
86
What is 18253 (base 9) in base 10?
12603
3426 (base 7) to base 14
64d
Convert -103320 (base 4) to base 2.
-10011111000
11321 (base 14) to base 15
c5a2
Convert -10000210111 (base 3) to base 12.
-2a611
Convert 469 (base 15) to base 2.
1111100111
221003 (base 4) to base 9
3538
Convert 53f (base 16) to base 6.
10115
-4cc (base 15) to base 4
-101010
1002002 (base 3) to base 6
3345
What is -11120022 (base 3) in base 6?
-23225
Convert -1ca (base 14) to base 8.
-566
Convert 333b (base 14) to base 6.
105025
-c02 (base 14) to base 15
-a6e
Convert -2443120 (base 5) to base 10.
-46660
What is 5635 (base 12) in base 16?
2549
Convert 3013 (base 5) to base 7.
1055
What is -11110001011 (base 2) in base 6?
-12535
What is -101100100111100 (base 2) in base 5?
-1212334
Convert -256251 (base 7) to base 5.
-3012221
3710 (base 11) to base 15
1686
What is 1212 (base 10) in base 13?
723
What is -1313 (base 6) in base 12?
-239
What is 113020 (base 4) in base 11?
1126
124 (base 10) to base 5
444
-1134 (base 10) to base 3
-1120000
Convert -716 (base 11) to base 7.
-2343
What is -4f21 (base 16) in base 11?
-14246
What is -44345 (base 7) in base 16?
-2b94
-37c8 (base 15) to base 11
-8a28
Convert -23748 (base 9) to base 13.
-7328
What is 31828 (base 11) in base 4?
23102230
122151 (base 6) to base 8
25163
What is 117 (base 10) in base 3?
11100
37092 (base 10) to base 9
55783
Convert -894 (base 14) to base 15.
-783
Convert 29ab (base 13) to base 14.
22c8
What is -112111 (base 3) in base 4?
-12013
-487b (base 13) to base 10
-10242
What is -111222 (base 3) in base 4?
-11321
Convert 334 (base 5) to base 13.
73
-349 (base 13) to base 9
-701
What is -22382 (base 11) in base 6?
-405553
Convert -3c62 (base 15) to base 5.
-403132
Convert -22111112 (base 3) to base 8.
-14065
Convert 393 (base 12) to base 8.
1037
Convert 3552 (base 6) to base 12.
5b8
What is 11102 (base 6) in base 5?
22200
What is 101121100 (base 3) in base 9?
11540
Convert -14022 (base 5) to base 3.
-1120010
Convert 20925 (base 10) to base 9.
31630
What is -200 (base 4) in base 7?
-44
-1343 (base 5) to base 14
-11d
What is -5105 (base 10) in base 9?
-7002
66312 (base 7) to base 4
10003230
-22080 (base 9) to base 11
-10010
Convert 1803 (base 13) to base 3.
11212120
Convert -35 (base 13) to base 16.
-2c
-15db (base 14) to base 9
-5332
What is 77a (base 14) in base 16?
5c8
What is -32351 (base 7) in base 15?
-25d2
-11826 (base 9) to base 13
-3816
What is 212111 (base 3) in base 4?
21322
Convert 6644 (base 8) to base 16.
da4
Convert 939 (base 12) to base 4.
110331
-67a (base 12) to base 3
-1022111
44 (base 5) to base 13
1b
Convert 21d (base 16) to base 2.
1000011101
Convert -361 (base 8) to base 12.
-181
What is b0a (base 15) in base 16?
9b5
Convert 204324 (base 5) to base 9.
10338
Convert -3a47 (base 13) to base 8.
-20224
10111121 (base 3) to base 14
d06
d10 (base 15) to base 13
1452
What is -8aa (base 12) in base 6?
-5534
What is 413 (base 7) in base 4?
3032
Convert -716 (base 10) to base 11.
-5a1
Convert -106 (base 9) to base 10.
-87
410b (base 15) to base 14
5012
What is -391c (base 15) in base 7?
-50334
100322 (base 4) to base 14
574
-3242 (base 11) to base 9
-5776
-323000 (base 4) to base 2
-111011000000
Convert 2537 (base 11) to base 6.
23151
Convert 22100222 (base 3) to base 8.
13725
Convert -13714 (base 8) to base 16.
-17cc
Convert 45135 (base 11) to base 5.
4043003
Convert -710 (base 9) to base 10.
-576
Convert -1411221 (base 5) to base 14.
-a78c
Convert 31200 (base 6) to base 3.
12201200
Convert 1511 (base 8) to base 5.
11331
1014 (base 8) to base 5
4044
What is -13300 (base 4) in base 12?
-354
What is 309f (base 16) in base 6?
133343
Convert 346 (base 14) to base 15.
2d5
-4252 (base 15) to base 13
-6500
-714 (base 13) to base 4
-102300
Convert -46083 (base 11) to base 13.
-24443
Convert -34100 (base 7) to base 6.
-103532
What is -3632 (base 8) in base 4?
-132122
Convert 1022222012 (base 3) to base 4.
12121232
Convert -11683 (base 10) to base 7.
-46030
5204 (base 10) to base 11
3a01
Convert -2162 (base 7) to base 10.
-779
What is -43996 (base 10) in base 9?
-66314
What is 10121102 (base 3) in base 2?
101001000110
What is -3641 (base 10) in base 5?
-104031
What is 100132 (base 5) in base 9?
4308
-3818 (base 9) to base 2
-101100100100
What is 2660 (base 11) in base 5?
102304
107 (base 8) to base 11
65
18cc (base 13) to base 4
322011
What is 2121 (base 9) in base 7?
4354
-11145 (base 6) to base 3
-2011102
Convert -3542 (base 15) to base 7.
-44660
What is -4ce (base 16) in base 9?
-1616
-2102211 (base 3) to base 9
-2384
-56 (base 9) to base 15
-36
Convert 230132 (base 4) to base 9.
3812
What is -15028 (base 11) in base 2?
-101001101001110
Convert -65403 (base 7) to base 12.
-9540
-82 (base 13) to base 11
-97
Convert 344 (base 12) to base 14.
268
-16511 (base 7) to base 14
-1a08
What is 398 (base 12) in base 10?
548
Convert -23141 (base 6) to base 8.
-6345
-3112 (base 5) to base 14
-211
16420 (base 9) to base 15
351c
Convert -1213 (base 8) to base 2.
-1010001011
What is -30411 (base 5) in base 14?
-a17
Convert -4034 (base 7) to base 13.
-836
Convert 10444 (base 6) to base 4.
112330
Convert 10111111011011 (base 2) to base 6.
132415
Convert 31310 (base 4) to base 16.
374
Convert a0b (base 12) to base 15.
66b
Convert 102110 (base 3) to base 15.
159
220202022 (base 3) to base 12
a538
19 (base 16) to base 8
31
Convert 4355 (base 9) to base 4.
302021
-8282 (base 9) to base 4
-1132310
Convert -5434 (base 9) to base 15.
-12ba
-2414 (base 11) to base 9
-4302
Convert -1822 (base 16) to base 10.
-6178
79 (base 12) to base 10
93
806 (base 12) to base 9
1526
Convert -15121 (base 6) to b